{"id":22099,"date":"2026-02-13T17:56:49","date_gmt":"2026-02-13T17:56:49","guid":{"rendered":"https:\/\/www.couruu.com\/blog\/?page_id=22099"},"modified":"2026-02-19T16:26:49","modified_gmt":"2026-02-19T16:26:49","slug":"licence","status":"publish","type":"page","link":"https:\/\/www.couruu.com\/blog\/licence\/","title":{"rendered":"Contrat de Licence"},"content":{"rendered":"<p>Le pr\u00e9sent Contrat de Licence (l&rsquo;\u00ab Accord \u00bb) est conclu entre Minhm, joignable \u00e0 l&rsquo;adresse joshua@couruu.com, et vous, l&rsquo;utilisateur (le \u00ab Licenci\u00e9 \u00bb), concernant l&rsquo;utilisation du Couruu (le \u00ab Produit \u00bb) disponible sur <a href=\"https:\/\/www.couruu.com\"><b>https:\/\/www.couruu.com<\/b><\/a> (le \u00ab Site Web \u00bb). En t\u00e9l\u00e9chargeant, acc\u00e9dant ou utilisant le Produit, le Licenci\u00e9 accepte d&rsquo;\u00eatre li\u00e9 par les termes du pr\u00e9sent Accord.<\/p>\n<h3>1. Concession de Licence<\/h3>\n<h4>1.1 Licence Personnelle<\/h4>\n<p>Sous r\u00e9serve des conditions du pr\u00e9sent Accord, Minhm accorde au Licenci\u00e9 une licence personnelle, non exclusive, non transf\u00e9rable et ne pouvant donner lieu \u00e0 une sous-licence, pour utiliser Couruu aux fins suivantes :<\/p>\n<ul>\n<li>\n<p>Transf\u00e9rez des fichiers qui sont l\u00e9gaux.<\/p>\n<\/li>\n<li>\n<p>Transf\u00e9rez des fichiers pour un usage personnel ou commercial.<\/p>\n<\/li>\n<\/ul>\n<h4>1.2 Licence \u00c9quipe<\/h4>\n<p>Sous r\u00e9serve des conditions du pr\u00e9sent Accord, Minhm accorde au Licenci\u00e9 une licence d&rsquo;\u00e9quipe, non exclusive, non transf\u00e9rable et ne pouvant donner lieu \u00e0 une sous-licence, pour utiliser Couruu aux fins suivantes :<\/p>\n<ul>\n<li>\n<p>Transf\u00e9rer des fichiers qui vous appartiennent.<\/p>\n<\/li>\n<li>\n<p>Transf\u00e9rer des documents au sein d&rsquo;une \u00e9quipe ou famille.<\/p>\n<\/li>\n<\/ul>\n<h3>2. Restrictions<\/h3>\n<p>Le Licenci\u00e9 ne doit pas :<\/p>\n<ul>\n<li>\n<p>Revendre ou redistribuer l&rsquo;utilisation de Couruu en tant que produit autonome.<\/p>\n<\/li>\n<li>\n<p>Supprimer, modifier ou masquer les avis de droit d&rsquo;auteur (copyright), de marque ou toute autre mention de propri\u00e9t\u00e9 du code.<\/p>\n<\/li>\n<li>\n<p>Utiliser le code d&rsquo;une mani\u00e8re qui enfreint les lois, r\u00e9glementations ou droits de tiers en vigueur.<\/p>\n<\/li>\n<li>\n<p>Sous-licencier, louer ou transf\u00e9rer la plateforme ou tout droit accord\u00e9 par cet Accord.<\/p>\n<\/li>\n<\/ul>\n<h3>3. Propri\u00e9t\u00e9 et Propri\u00e9t\u00e9 Intellectuelle<\/h3>\n<p>Minhm conserve tous les droits de propri\u00e9t\u00e9 et de propri\u00e9t\u00e9 intellectuelle sur le Couruu. Cet Accord ne conf\u00e8re au Licenci\u00e9 aucun droit de propri\u00e9t\u00e9 sur le Produit lui-m\u00eame.<\/p>\n<h3>4. Garantie et Clause de Non-Responsabilit\u00e9<\/h3>\n<p>LE PRODUIT EST FOURNI \u00ab EN L&rsquo;\u00c9TAT \u00bb, SANS GARANTIE D&rsquo;AUCUNE SORTE, EXPRESSE OU IMPLICITE, Y COMPRIS, MAIS SANS S&rsquo;Y LIMITER, LES GARANTIES DE QUALIT\u00c9 MARCHANDE OU D&rsquo;AD\u00c9QUATION \u00c0 UN USAGE PARTICULIER.<\/p>\n<h3>5. Limitation de Responsabilit\u00e9<\/h3>\n<p>DANS LA MESURE PERMISE PAR LA LOI, Minhm NE SAURAIT \u00caTRE TENU RESPONSABLE DES DOMMAGES DIRECTS, INDIRECTS, ACCESSOIRES OU CONS\u00c9CUTIFS R\u00c9SULTANT DE L&rsquo;UTILISATION OU DE L&rsquo;IMPOSSIBILIT\u00c9 D&rsquo;UTILISER LE PRODUIT, M\u00caME SI Minhm A \u00c9T\u00c9 INFORM\u00c9 DE LA POSSIBILIT\u00c9 DE TELS DOMMAGES.<\/p>\n<h3>6. Droit Applicable et Juridiction<\/h3>\n<p>Le pr\u00e9sent Accord est r\u00e9gi et interpr\u00e9t\u00e9 conform\u00e9ment aux lois de <b>France<\/b>. Tout litige d\u00e9coulant de cet Accord ou en relation avec celui-ci sera soumis \u00e0 la juridiction exclusive des tribunaux de N\u00eemes.<\/p>\n<h3>7. Int\u00e9gralit\u00e9 de l&rsquo;Accord<\/h3>\n<p>Cet Accord constitue l&rsquo;int\u00e9gralit\u00e9 de l&rsquo;entente entre le Licenci\u00e9 et Minhm concernant l&rsquo;objet des pr\u00e9sentes et remplace tous les accords, repr\u00e9sentations ou garanties ant\u00e9rieurs.<\/p>\n<p><b>Derni\u00e8re mise \u00e0 jour :<\/b> 13\/02\/2026 Minhm <b>Contact :<\/b> joshua@couruu.com<\/p>\n","protected":false},"excerpt":{"rendered":"<p>Le pr\u00e9sent Contrat de Licence (l&rsquo;\u00ab Accord \u00bb) est conclu entre Minhm, joignable \u00e0 l&rsquo;adresse joshua@couruu.com, et vous, l&rsquo;utilisateur (le \u00ab Licenci\u00e9 \u00bb), concernant l&rsquo;utilisation du Couruu (le \u00ab Produit \u00bb) disponible sur https:\/\/www.couruu.com (le \u00ab Site Web \u00bb). En t\u00e9l\u00e9chargeant, acc\u00e9dant ou utilisant le Produit, le Licenci\u00e9 accepte d&rsquo;\u00eatre li\u00e9 par les termes du&#8230;<\/p>\n","protected":false},"author":1,"featured_media":0,"parent":0,"menu_order":0,"comment_status":"closed","ping_status":"closed","template":"","meta":{"_kad_post_transparent":"default","_kad_post_title":"default","_kad_post_layout":"default","_kad_post_sidebar_id":"","_kad_post_content_style":"default","_kad_post_vertical_padding":"default","_kad_post_feature":"","_kad_post_feature_position":"","_kad_post_header":false,"_kad_post_footer":false,"_kad_post_classname":"","footnotes":""},"class_list":["post-22099","page","type-page","status-publish","hentry"],"rttpg_featured_image_url":null,"rttpg_author":{"display_name":false,"author_link":"https:\/\/www.couruu.com\/blog\/author\/thalia\/"},"rttpg_comment":0,"rttpg_category":null,"rttpg_excerpt":"Le pr\u00e9sent Contrat de Licence (l&rsquo;\u00ab Accord \u00bb) est conclu entre Minhm, joignable \u00e0 l&rsquo;adresse joshua@couruu.com, et vous, l&rsquo;utilisateur (le \u00ab Licenci\u00e9 \u00bb), concernant l&rsquo;utilisation du Couruu (le \u00ab Produit \u00bb) disponible sur https:\/\/www.couruu.com (le \u00ab Site Web \u00bb). En t\u00e9l\u00e9chargeant, acc\u00e9dant ou utilisant le Produit, le Licenci\u00e9 accepte d&rsquo;\u00eatre li\u00e9 par les termes du...","_links":{"self":[{"href":"https:\/\/www.couruu.com\/blog\/wp-json\/wp\/v2\/pages\/22099","targetHints":{"allow":["GET"]}}],"collection":[{"href":"https:\/\/www.couruu.com\/blog\/wp-json\/wp\/v2\/pages"}],"about":[{"href":"https:\/\/www.couruu.com\/blog\/wp-json\/wp\/v2\/types\/page"}],"author":[{"embeddable":true,"href":"https:\/\/www.couruu.com\/blog\/wp-json\/wp\/v2\/users\/1"}],"replies":[{"embeddable":true,"href":"https:\/\/www.couruu.com\/blog\/wp-json\/wp\/v2\/comments?post=22099"}],"version-history":[{"count":4,"href":"https:\/\/www.couruu.com\/blog\/wp-json\/wp\/v2\/pages\/22099\/revisions"}],"predecessor-version":[{"id":22551,"href":"https:\/\/www.couruu.com\/blog\/wp-json\/wp\/v2\/pages\/22099\/revisions\/22551"}],"wp:attachment":[{"href":"https:\/\/www.couruu.com\/blog\/wp-json\/wp\/v2\/media?parent=22099"}],"curies":[{"name":"wp","href":"https:\/\/api.w.org\/{rel}","templated":true}]}}